is the greatest common factor of 598734 and 97495?
1147
Calculate the greatest common factor of 467895815 and 15.
5
What is the greatest common divisor of 219033497 and 1418?
709
What is the greatest common divisor of 1672 and 237842?
418
What is the greatest common factor of 136 and 26345274?
34
What is the greatest common factor of 530 and 114020?
10
Calculate the greatest common divisor of 599 and 187014389.
599
Calculate the greatest common factor of 473 and 1699511.
11
What is the greatest common divisor of 2716072 and 76121?
467
Calculate the highest common divisor of 2400 and 962112.
96
What is the highest common divisor of 14185854 and 2312?
578
Calculate the highest common divisor of 850 and 251115400.
50
What is the highest common divisor of 2548302 and 25878?
1362
Calculate the greatest common factor of 39590 and 4430.
10
What is the highest common factor of 2632449 and 35664?
2229
Calculate the greatest common factor of 168640 and 113135.
85
Calculate the greatest common divisor of 56525 and 16195900.
2975
What is the greatest common factor of 3776 and 1216?
64
Calculate the highest common divisor of 11677788 and 198.
18
What is the greatest common divisor of 1088150 and 182350?
350
Calculate the highest common divisor of 1020060790 and 70.
70
Calculate the greatest common divisor of 2432 and 980647.
19
Calculate the highest common divisor of 2943990 and 10080.
630
What is the greatest common divisor of 5149060 and 490?
70
What is the highest common factor of 8261 and 39853?
11
Calculate the greatest common factor of 28435172 and 190.
38
Calculate the greatest common factor of 66 and 167996631.
33
Calculate the greatest common divisor of 2514107 and 253.
23
Calculate the greatest common factor of 18224 and 303161.
17
What is the greatest common factor of 186990 and 55890?
690
What is the highest common divisor of 36 and 5388612?
12
What is the greatest common divisor of 270 and 371835?
45
Calculate the greatest common factor of 194 and 965617831.
97
Calculate the highest common factor of 1187100 and 135.
45
What is the highest common factor of 1607710273 and 559?
559
Calculate the highest common divisor of 50 and 623370.
10
What is the greatest common divisor of 329043 and 5421?
39
What is the highest common divisor of 104254922 and 36146?
3286
What is the greatest common factor of 55248 and 3756?
12
What is the highest common factor of 4728 and 315432?
24
What is the highest common divisor of 13676772 and 228?
12
Calculate the greatest common divisor of 9402970 and 130.
10
What is the highest common factor of 52580 and 877360?
220
Calculate the highest common factor of 380 and 1106370.
190
What is the greatest common divisor of 87696890 and 4?
2
What is the highest common factor of 16207175 and 80095?
965
Calculate the greatest common divisor of 693161878 and 106.
106
What is the greatest common factor of 12565202 and 45838?
1118
Calculate the highest common factor of 4218653 and 281.
281
Calculate the greatest common factor of 1440097 and 1249.
1249
What is the greatest common factor of 6273113 and 25949?
77
What is the highest common divisor of 18980680 and 11780?
620
What is the greatest common factor of 1575 and 3048325?
175
Calculate the greatest common divisor of 444433 and 726.
121
Calculate the highest common divisor of 1872439 and 1414.
101
Calculate the highest common divisor of 507968125 and 7.
7
Calculate the greatest common factor of 57284279 and 897.
13
What is the highest common factor of 25724008 and 5216?
1304
Calculate the greatest common divisor of 1035628 and 2816.
44
What is the highest common factor of 2233 and 18937261?
203
What is the highest common factor of 816 and 26904?
24
What is the greatest common divisor of 84504020 and 855?
95
Calculate the highest common divisor of 282299547 and 465.
93
Calculate the highest common divisor of 155761870 and 1025.
205
Calculate the greatest common divisor of 140437 and 5304.
17
What is the highest common divisor of 77993328 and 112?
112
Calculate the greatest common factor of 2644 and 5408302.
1322
What is the greatest common factor of 29916282 and 186126?
2778
What is the highest common divisor of 7528 and 64625998?
1882
Calculate the greatest common factor of 44946 and 1589.
227
What is the greatest common factor of 5534849 and 1475?
59
Calculate the greatest common divisor of 6436664 and 1711.
59
Calculate the highest common factor of 1022 and 30625.
7
Calculate the highest common factor of 3189100 and 275.
25
What is the greatest common factor of 1436 and 12800?
4
Calculate the greatest common factor of 1406364 and 74328.
1956
Calculate the highest common factor of 733276 and 3.
1
Calculate the greatest common factor of 149955741 and 312.
39
Calculate the greatest common divisor of 512 and 50846976.
256
Calculate the highest common factor of 1908420 and 1020.
1020
Calculate the highest common factor of 1365636 and 286568.
1268
Calculate the greatest common factor of 92075718 and 42.
42
Calculate the highest common divisor of 39 and 14028001.
13
What is the greatest common factor of 8702 and 30249068?
458
Calculate the highest common factor of 2936850 and 33600.
1050
Calculate the highest common divisor of 14732 and 516896.
116
What is the highest common divisor of 355456 and 5537338?
5554
What is the greatest common factor of 366813 and 9063?
477
What is the highest common factor of 2307016 and 744856?
2264
What is the highest common divisor of 15 and 35125095?
15
Calculate the greatest common divisor of 684544 and 15280.
3056
Calculate the highest common divisor of 338520546 and 21.
21
What is the highest common factor of 11680 and 68263760?
5840
What is the highest common divisor of 473565 and 1310655?
1965
What is the greatest common divisor of 1950 and 37766310?
30
Calculate the greatest common factor of 4 and 1073647.
1
What is the highest common factor of 2520381 and 681?
681
What is the highest common factor of 220 and 576070?
110
What is the greatest common divisor of 12350225 and 3075?
1025
What is the highest common factor of 66 and 745325823?
33
What is the highest common divisor of 11701529 and 1239?
413
Calculate the greatest common factor of 4717694 and 267734.
526
Calculate the highest common factor of 112178774 and 874.
874
Calculate the greatest common divisor of 23029 and 14.
1
Calculate the highest common factor of 36318 and 2442.
6
What is the highest common factor of 106976965 and 15?
5
What is the greatest common divisor of 65600 and 19160000?
1600
What is the greatest common divisor of 135 and 636850701?
27
What is the greatest common factor of 280017999 and 2074?
1037
What is the highest common divisor of 3395 and 82094495?
3395
Calculate the highest common divisor of 1256222 and 20812.
242
What is the highest common factor of 16464 and 3984?
48
What is the greatest common factor of 784082 and 453362?
1378
What is the highest common divisor of 6767 and 166953?
101
Calculate the highest common divisor of 706 and 57699262.
706
What is the greatest common divisor of 33040 and 102550?
70
What is the greatest common divisor of 195847 and 475999?
1297
What is the highest common factor of 355132806 and 42?
42
What is the highest common divisor of 109335856 and 84?
28
Calculate the greatest common divisor of 29172 and 13362459.
561
What is the greatest common factor of 52684310 and 3920?
490
Calculate the highest common factor of 56192 and 104921.
439
Calculate the highest common factor of 5822741933 and 7669.
7669
What is the greatest common factor of 985423 and 8439?
97
What is the greatest common divisor of 92 and 77805734?
46
Calculate the greatest common divisor of 2016 and 4653152.
224
What is the greatest common divisor of 137 and 1700033?
137
Calculate the greatest common divisor of 312 and 4931394.
78
What is the greatest common factor of 266628 and 3893?
17
Calculate the highest common divisor of 9850 and 4306223.
197
What is the greatest common factor of 122 and 137023934?
122
What is the greatest common factor of 756160 and 84520?
40
Calculate the highest common divisor of 637025 and 309175.
2075
What is the greatest common factor of 9482 and 2302402?
862
Calculate the highest common divisor of 239414087 and 13024.
407
What is th